r?
False
Is 899917 a composite number?
False
Is 1626007 prime?
False
Is 381567727 composite?
False
Is 3705137 a composite number?
False
Is 17666773 composite?
False
Is 4235743 a composite number?
True
Is 2281087 a composite number?
True
Is 27865291 a prime number?
True
Is 1168055779 a composite number?
True
Is 53464043 a composite number?
True
Is 147758209 a composite number?
True
Is 12722863 a prime number?
True
Is 3502951 a composite number?
True
Is 30395329 a composite number?
True
Is 1987273529 a prime number?
True
Is 2195047 composite?
False
Is 878501 a prime number?
False
Is 25814903 prime?
True
Is 7755959 composite?
False
Is 9790091 a composite number?
False
Is 227755139 a prime number?
True
Is 58248649 prime?
True
Is 1824359 a composite number?
True
Is 35791589 prime?
False
Is 1341293 composite?
False
Is 1487417 a composite number?
False
Is 27146417 a composite number?
True
Is 103654043 a prime number?
True
Is 2804899 prime?
True
Is 753751 a composite number?
False
Is 45696817 a prime number?
False
Is 998322089 composite?
False
Is 66950407 a composite number?
True
Is 1678357 a prime number?
False
Is 4858841 a composite number?
True
Is 45636091 prime?
True
Is 79664771 a composite number?
True
Is 69842999 a composite number?
False
Is 14182781 prime?
False
Is 818641 prime?
False
Is 35979773 composite?
True
Is 8513969 composite?
False
Is 6098927 composite?
False
Is 4370237 composite?
False
Is 2110637 composite?
False
Is 25382059 composite?
True
Is 164076139 prime?
True
Is 25267531 composite?
True
Is 558892747 composite?
True
Is 4991237 a prime number?
True
Is 3090467 composite?
True
Is 6827495 a composite number?
True
Is 139285123 a composite number?
False
Is 21643262 a composite number?
True
Is 2299457 a prime number?
False
Is 70868023 a composite number?
True
Is 2726621 prime?
False
Is 25930979 composite?
False
Is 575819 prime?
False
Is 73486397 composite?
False
Is 5028343 a composite number?
False
Is 54251009 prime?
True
Is 1888181 composite?
True
Is 88011527 prime?
True
Is 1841971 a prime number?
False
Is 135428867 prime?
False
Is 9340613 a composite number?
True
Is 19834129 a composite number?
True
Is 33721399 a composite number?
False
Is 33789751 composite?
True
Is 297883 a composite number?
True
Is 14579273 composite?
True
Is 7265759 composite?
False
Is 142771 composite?
False
Is 30140017 composite?
True
Is 1527107 composite?
False
Is 23122709 prime?
True
Is 31114381 prime?
False
Is 3198759 prime?
False
Is 6168109 composite?
False
Is 1370651 composite?
True
Is 9915653 a prime number?
False
Is 148321993 a prime number?
True
Is 216719029 a composite number?
False
Is 129330953 a composite number?
False
Is 18282347 a prime number?
True
Is 99965773 a composite number?
False
Is 1570663 a prime number?
True
Is 13373273 prime?
True
Is 42411037 prime?
True
Is 56875813 composite?
True
Is 32484287 a composite number?
True
Is 5600359 a composite number?
False
Is 33539437 prime?
False
Is 46513739 a prime number?
True
Is 226604723 a composite number?
False
Is 2933137 a composite number?
True
Is 26401741 a composite number?
False
Is 8568985 a prime number?
False
Is 176459 a composite number?
False
Is 33764557 composite?
False
Is 9984521 prime?
True
Is 204527201 a composite number?
True
Is 1433204951 prime?
True
Is 12485815 a composite number?
True
Is 30125191 a prime number?
True
Is 83340007 a composite number?
False
Is 46947415 a prime number?
False
Is 97021939 composite?
True
Is 3027202 a prime number?
False
Is 153791047 prime?
False
Is 152538761 a composite number?
False
Is 1190009 a composite number?
True
Is 38394187 a prime number?
False
Is 14230837 composite?
True
Is 450421 prime?
True
Is 126266057 composite?
False
Is 180615187 prime?
True
Is 26915935 a composite number?
True
Is 30398513 a composite number?
False
Is 7569013 a composite number?
False
Is 55892363 composite?
True
Is 4800755 a composite number?
True
Is 1767491 composite?
True
Is 36921823 prime?
True
Is 665389255 a prime number?
False
Is 100131523 a prime number?
True
Is 3324817 composite?
False
Is 4235851 composite?
False
Is 159833 a prime number?
True
Is 22915373 composite?
True
Is 12356503 a prime number?
True
Is 109122535 a prime number?
False
Is 30359138 a prime number?
False
Is 28848667 composite?
True
Is 114562997 a prime number?
True
Is 2693177 prime?
True
Is 587087 a prime number?
True
Is 28299421 a composite number?
True
Is 4706974 a composite number?
True
Is 35297666 prime?
False
Is 283541 a prime number?
True
Is 34938341 prime?
True
Is 2383201 composite?
True
Is 41190733 a prime number?
True
Is 21158773 prime?
True
Is 14151833 composite?
False
Is 1952893 a prime number?
True
Is 6241283 prime?
False
Is 16714849 prime?
True
Is 84047 composite?
False
Is 1035682697 a composite number?
True
Is 69232351 a prime number?
False
Is 44888699 composite?
False
Is 27705163 prime?
False
Is 334480301 a composite number?
False
Is 3007573 composite?
False
Is 1743919 composite?
False
Is 4236049 prime?
True
Is 45133481 a prime number?
True
Is 112114297 composite?
False
Is 38347759 composite?
True
Is 2914477 composite?
False
Is 438640318 composite?
True
Is 74807039 composite?
False
Is 8335703 composite?
False
Is 12069619 composite?
False
Is 30434321 a composite number?
True
Is 3226891 a composite number?
False
Is 6189961 prime?
True
Is 90036511 a composite number?
False
Is 281960111 a composite number?
True
Is 1310345 composite?
True
Is 63159499 a prime number?
False
Is 828781 a prime number?
False
Is 493425797 a composite number?
False
Is 467341 composite?
True
Is 8559673 prime?
False
Is 275699 a composite number?
False
Is 2061071 a prime number?
False
Is 147571 a composite number?
False
Is 5722945 prime?
False
Is 892327 a prime number?
False
Is 226740431 a composite number?
False
Is 17805247 a prime number?
True
Is 2971205 composite?
True
Is 5153534 composite?
True
Is 5529109 composite?
False
Is 3981349 prime?
False
Is 15416273 a composite number?
False
Is 5731177 a prime number?
True
Is 786527 a composite number?
True
Is 538861 a composite number?
True
Is 6238205 composite?
True
Is 10922699 a prime number?
True
Is 4718339 a composite number?
False
Is 1395402907 a composite number?
True
Is 46514239 a prime number?
True
Is 2827597 composite?
True
Is 271003 a prime number?
True
Is 181734277 a prime number?
False
Is 115236061 a composite number?
False
Is 1993571 a composite number?
True
Is 80782203 composite?
True
Is 61381501 a composite number?
False
Is 41978411 prime?
True
Is 81377797 composite?
False
Is 4092157 composite?
False
Is 3171209 composite?
False
Is 103836937 a composite number?
True
Is 5584021 a prime number?
True
Is 7567519 a prime number?
False
Is 204996683 prime?
False
Is 324961727 a composite number?
False
Is 16269283 composite?
True
Is 63957073 prime?
False
Is 1214159 a prime number?
True
Is 10054621 a composite number?
False
Is 2433731 a composite number?
True
Is 4577191 a composite number?
False
Is 107606117 prime?
True
Is 52223429 a prime number?
False
Is 180701 a prime number?
True
Is 25741059 composite?
True
Is 2672933 prime?
False
Is 625159 composite?
True
Is 173291 a prime number?
True
Is 1853401 a composite number?
True
Is 53869409 a prime number?
False
Is 1041997 prime?
False
Is 26911979 prime?
True
Is 6331691 composite?
False
Is 28331587 composite?
False
Is 70698203 composite?
True
Is 703271 prime?
False
Is 421315 a composite number?
True
Is 10902862 a composite number?
True
Is 25563037 a composite number?
True
Is 49737539 a prime number?
False
Is 82708331 composite?
False
Is 20642977 a prime number?
False
Is 368171491 composite?
False
Is 532051 a prime number?
False
Is 80730883 a prime number?
True
Is 46305471 composite?
True
Is 1957723 prime?
False
Is 17367143 a prime number?
False
Is 2089037 prime?
True
Is 48014185 composite?
True
Is 1936721 a prime number?
True
Is 26952121 prime?
False
Is 4234987 composite?
False
Is 2299823 prime?
True
Is 81786553 a composite number?
False
Is 2597191 a prime number?
True
Is 756086901 composite?
True
Is 74924851 composite?
False
Is 98986303 a prime number?
False
Is 230112011 prime?
True
Is 21987689 a prime number?
True
Is 7707733 composite?
True
Is 63752321 composite?
False
Is 473494195 a composite number?
True
Is 871149